me number?
False
Let g(t) = 17*t - 15. Let m(q) = 11*q - 10. Let s(w) = 5*g(w) - 8*m(w). Let y be s(-5). Suppose -5*d = -y, -d + 359 = r + 120. Is r a prime number?
False
Suppose 2*m - 6 = -m. Is (-2605)/30*-3*m composite?
False
Suppose 3*c + 2*a - 2795 = 263, -3*a = -2*c + 2056. Let n = 244 - 479. Let d = n + c. Is d a prime number?
True
Suppose -3*m = -8*m + 5. Let s be (-1)/(m*3/(-9)). Let l(r) = 3*r**3 - r**2 + 4*r + 1. Is l(s) a composite number?
True
Let b be 4 - (4/2 + 0). Suppose -4 = -4*c + 2*g - b, -4*c + 3 = -3*g. Suppose 2*n - 5*n - 3*w + 81 = c, 3*w = -5*n + 143. Is n composite?
False
Let t(u) = u**3 - 8*u**2 - u + 11. Let c be t(8). Suppose c = 3*r - 2*r. Suppose -j = -0*j, -129 = -r*i - 5*j. Is i composite?
False
Let m = -6170 - -12673. Is m composite?
True
Let g(v) = -2*v - 26. Let b be g(-15). Suppose 3*h - 4*q = 18 + 287, 3*h = -b*q + 265. Is h composite?
True
Let t(a) = 61*a**2 + 17*a**2 - 12*a**2 + a - 11. Is t(4) a composite number?
False
Let x = 16 - 8. Let h = x + -6. Suppose 0 = -0*k - 4*k + 2*g + 204, 4*k - 220 = -h*g. Is k a composite number?
False
Let x(u) = 4*u**3 + 10*u**2 + 10*u - 31. Is x(9) composite?
True
Is -3*(-4)/48 + (-614244)/(-48) a prime number?
False
Let h be (788 - 10) + (1 - (-1 + 3)). Let u = h - -182. Is u a prime number?
False
Let w be (2 - -105) + (-3 - -1). Let m = w + -39. Let b = m - -53. Is b a composite number?
True
Let t = 104 - 102. Suppose -4*u = -5*u + s + 3835, t*u - 4*s - 7674 = 0. Is u a prime number?
True
Let q be 2 - (2 - (-3 + 8)). Suppose 2*u + 669 = q*u. Is u a composite number?
False
Suppose 0 = -5*c - 0*l - 4*l + 5767, -3*l - 4595 = -4*c. Is c prime?
True
Suppose -4*x - c = 2*c - 1456, -2*c - 1075 = -3*x. Let b = 41 + -241. Let n = x + b. Is n a composite number?
True
Is (-2134)/11*(-11)/2 a composite number?
True
Suppose 30*n + 23029 = 132259. Is n a prime number?
False
Suppose -m - 773 + 35284 = 0. Is m a prime number?
True
Let w(q) = 5*q**2 + 17*q + 31. Let u be w(-15). Let t = 4836 - u. Is t a prime number?
False
Let p be (-4)/(-18) - 555882/27. Let x be 44/286 - p/26. Suppose 30 = -3*h + x. Is h a prime number?
False
Is ((-21)/14)/(-1*(-3)/(-6522)) composite?
True
Let t = 82 + -86. Is (310/5)/(4/46) - t a prime number?
False
Is 10741476/48 - 1/(-4) a prime number?
True
Let p(k) = -k**3 - 5*k**2 + 6*k + 3. Let t = 9 + -15. Let z be p(t). Suppose -134 = -z*a + a. Is a a prime number?
True
Let l = -6750 - -28009. Is l composite?
True
Suppose -w + n - 2*n = -8, -11 = -w - 2*n. Let l(b) = 3*b**2 - 6*b - 6. Let y be l(w). Suppose 3*p - 24 = y. Is p a prime number?
False
Let s = -357 - 1918. Let p = 3462 + s. Is p composite?
False
Let b(a) = a**3 + 4*a**2 - 6*a - 2. Let n be b(-5). Suppose 2*s + n - 7 = 0. Suppose 2*y - 328 = -2*w, -w = -s*y + 457 - 132. Is y prime?
True
Suppose u = 3*u - 10. Let h(a) = -11*a**2 + 2*a. Let k be h(u). Is (-4 + 6)*k/(-2) prime?
False
Let g = 15252 + -3025. Is g a composite number?
False
Let z(o) = -2617*o + 50. Is z(-3) a prime number?
True
Let r(p) = -4*p - 9 + 3*p - p + p. Let z be r(-7). Is (295 - -11) + z/(-2) composite?
False
Suppose 4*t + 4 = 0, 3*g = 2*g - 5*t - 6. Let b(o) = -o**3 - o**2 + o. Let x be b(g). Let w(a) = 138*a**2 + 1. Is w(x) a prime number?
True
Let x be (4/(-9))/(11/(792/(-16))). Suppose x*q - 1914 = -2*c, c - 2*c + 949 = 3*q. Is c a composite number?
True
Suppose -f + 23 = 1. Let q be 14/(-77) + 92/f. Suppose q*m + 145 = 5*m. Is m prime?
False
Let s be (30/45)/((-4)/(-30)). Let y be (s - 0) + (-4 - -2). Suppose y*l + 809 = 5*b, -b + 157 = -2*l - l. Is b prime?
True
Let s = -68 + 12. Let a(m) = -110*m**2 + m. Let r be a(1). Let l = s - r. Is l prime?
True
Let m(w) = w + 13. Let c be m(-9). Let n = -582 - -1523. Suppose -c*u + 839 = -n. Is u a composite number?
True
Suppose -l - 44332 = -3*s, -3*s + 3*l + 44334 = -0*s. Is s a composite number?
True
Is -6 - 3 - (-21220)/1 composite?
False
Let r be (-272)/(-20) - 2/(-5). Let j = 6 - r. Let k(v) = v**3 + 10*v**2 + 6*v - 9. Is k(j) a composite number?
False
Is 110 + (0 + (6 - 5))*3 a composite number?
False
Let w be 4 + 5/(-15)*0. Let j(d) = 9*d**2 + 6*d - 11. Is j(w) a prime number?
True
Suppose 5*m - 3*s = -4*s + 5822, 2*s - 4654 = -4*m. Is m composite?
True
Let f be 13/(-39) - 3494/(-6). Suppose 0 = -5*a + 2*p + 2869, 1143 = 3*a - 3*p - f. Is a a prime number?
False
Let s(f) = f**3 - 2*f**2 + 2*f. Let n be s(2). Let g be (-3)/n*8/(-2). Suppose 0*m - g*m + 75 = 0. Is m a prime number?
False
Let v be (-5)/10*97*4. Suppose -p = 3*p + 148. Let r = p - v. Is r prime?
True
Let f(o) = -3*o - 11. Let b be f(-4). Is b + (2 - -1) - -465 a composite number?
True
Let p(g) = 65*g**2 + 7*g - 11. Let l be p(2). Let z = 1248 + l. Is z a prime number?
True
Let x(c) = c - 18*c**2 - 4*c**2 - 55 + 58*c**2 - 6*c**2. Is x(6) a prime number?
True
Let b(y) = 34545*y - 203. Is b(6) prime?
False
Let n(m) = m**2 + 2*m + 341. Is n(-30) composite?
False
Let m(n) = 190*n - 2. Let i be m(-1). Let f be 2/(-7) - i/(-14). Is 1145/9 - f/(-63) composite?
False
Suppose -14161 = -16*o + 26943. Is o prime?
False
Let u = -23 + 35. Is 1060/u + 14/(-6) + 3 a prime number?
True
Let f(c) = -c**3 - 4*c**2 - 3*c + 2. Let x be f(-3). Suppose -g - 4 = 0, 12 = 4*v + x*g - 7*g. Is 8/12*(-489)/v prime?
True
Let h(j) = -j**3 - 9*j**2 - 9*j - 6. Let o be h(-8). Let f(i) = 31*i**3 + 2*i - 1. Is f(o) a composite number?
False
Let r be 66/4*(-50)/15. Let d = 93 + r. Suppose -3*i + 121 = -d. Is i a composite number?
False
Suppose 5*x + 54 = 14. Let d be (18/4)/((-6)/x). Suppose d*b = 8*b - 674. Is b composite?
False
Let q be 2/19 - 3099/19. Let f = q - -440. Is f a composite number?
False
Let u be -1 + 0 + -6 + 10. Let s be (0/(-3))/(u - 2). Suppose -3*n + 338 = g, n = 3*g - s*g + 116. Is n a prime number?
True
Suppose 3*v + a - 8238 = 2*a, -5*a + 8256 = 3*v. Is v a prime number?
False
Let t be (-8)/(-14)*14/4. Let u(j) = 197*j**2 - 3*j - 7. Let n(f) = -f**2 - f + 1. Let s(w) = t*n(w) + u(w). Is s(-2) a prime number?
False
Suppose -6*w - 568 = 7214. Is 3*w*(-4)/24*2 composite?
False
Suppose m = 4*m - 34764. Suppose w - m = -3*w. Is w a composite number?
False
Suppose -r + 2759 = -648. Is r composite?
False
Suppose 0 = -3*l, -2*b - 28 = 4*l - 10. Let k(r) = -2*r + 4. Is k(b) a prime number?
False
Let h = 10840 - -6417. Is h composite?
False
Let z(b) = -2188*b - 35. Is z(-2) a composite number?
True
Let c(q) = -455*q + 23. Is c(-2) a prime number?
False
Suppose 0 = -5*n - 10, 2*m - 2*n = m + 1. Is 3*(0 + (-37)/m) composite?
False
Let t be 16/20 + 18028/(-10). Let x = t + 1083. Let j = 1026 + x. Is j composite?
False
Let k be (-1 + 1)/(2 - 0). Suppose -3*t - 15 - 93 = k. Is (-1107)/t + (-1)/(-4) a prime number?
True
Let m(k) = 3*k + 3. Let y be m(-6). Let x = y + 17. Is 0 - (-42)/2 - x prime?
True
Suppose 2*w = -6*w + 48344. Suppose -3*f = -i - 0*i + 2029, 3*i + 2*f = w. Is i composite?
False
Let o = 1971 + 201. Suppose -o = -5*g + 4813. Is g a prime number?
False
Let s(m) = -3166*m. Let l be s(-2). Suppose 10*o = 6*o + l. Is o a prime number?
True
Suppose 5*f + 44 = f. Is 127*f/2*-2 a prime number?
False
Let n(g) = -g**3 - 4*g**2 - 2*g - 4. Let r be n(-4). Let c be -3 + 4*10/r. Suppose -4*i - 16 = 0, c*f - 4*f = -i + 167. Is f a composite number?
True
Let r(j) = 16*j**2 - 9*j**3 + 8*j**3 - 6*j - 13 + 0*j. Is r(12) composite?
False
Suppose 3*s - s = -5*m - 6, 5*m = -3*s - 4. Let u = -47 + 66. Let q = s + u. Is q prime?
False
Suppose 69753 = 305*y - 302*y. Is y a composite number?
False
Is (23 + -21)*((-2035)/(-2) + 2) composite?
False
Let t = 20 + 76. Let q = t + -49. Suppose -37 - q = -4*r. Is r prime?
False
Let a(h) = -h**3 - 15*h**2 - 31*h + 33. Let i be (-4)/((3/99)/(2/12)). Is a(i) composite?
True
Is (782/8)/17*332 composite?
True
Let d = 12515 - 46. Is d a prime number?
False
Let q(r) = -2*r**3 + 25*r**2 + 22*r + 17. Let d(b) = b**3 - b**2 - b. Let a(g) = 3*d(g) + q(g). Is a(-14) prime?
True
Suppose 3*g + 16 = c - 6, -66 = -3*c - g. Is (117/99 - 4/c)*95 prime?
False
Let d be 2/6 + (-15)/(-9). Let v be (24/(-16))/(d/(-4)). Suppose -2920 = -5*n - 5*o, 6*o - v*o + 1153 = 2*n. Is n a composite number?
True
Let i = 118 - 105. Suppose -106483 = -0*n - i*n. Is n composite?
False
Suppose 17*i - 13*i - 8348 = 0. Suppose -n + i + 620 =